culate the greatest common divisor of 20519 and 36725389.
1207
Calculate the greatest common factor of 870 and 275858295.
435
What is the greatest common factor of 920 and 107808820?
460
What is the greatest common factor of 1877754 and 524?
262
What is the greatest common factor of 585 and 187512?
39
What is the greatest common divisor of 650461956 and 136?
68
What is the greatest common divisor of 6846 and 37518036?
978
What is the highest common factor of 774 and 436014?
18
Calculate the highest common factor of 34645 and 3321695.
845
Calculate the greatest common divisor of 2647266 and 1436.
718
What is the highest common factor of 22841 and 12201?
7
What is the highest common divisor of 46440 and 38897280?
1080
Calculate the highest common factor of 46260710 and 410.
410
Calculate the highest common factor of 459 and 3108249.
9
Calculate the highest common divisor of 9678281 and 58517.
359
What is the greatest common factor of 12 and 1271766?
6
Calculate the greatest common factor of 28720 and 179120.
80
What is the highest common divisor of 10952301 and 3519?
1173
Calculate the highest common factor of 765 and 16788095.
85
Calculate the highest common divisor of 303960 and 11575065.
2235
What is the highest common divisor of 5999 and 4960316?
857
What is the highest common divisor of 1818 and 725931945?
909
What is the greatest common divisor of 128 and 5652212?
4
Calculate the greatest common factor of 13240971 and 243.
9
Calculate the highest common factor of 12366 and 60594.
6
Calculate the highest common factor of 258 and 3164465976.
258
Calculate the greatest common factor of 52414 and 2662967.
73
Calculate the highest common factor of 273449 and 121.
11
Calculate the highest common divisor of 54 and 846320022.
54
Calculate the greatest common factor of 35232216 and 3122.
446
What is the highest common divisor of 177 and 808713?
177
What is the highest common factor of 65615 and 705?
5
Calculate the highest common factor of 3533245 and 3015.
335
What is the highest common divisor of 15862 and 943362?
14
Calculate the greatest common factor of 3830109 and 2877.
411
What is the highest common factor of 14563513 and 6773?
521
What is the greatest common divisor of 176616 and 138248?
88
What is the highest common divisor of 797 and 4805?
1
What is the greatest common factor of 32254551 and 471?
471
Calculate the greatest common divisor of 120 and 2341032.
24
What is the greatest common divisor of 429 and 1026157?
11
What is the highest common divisor of 1177 and 1448459?
107
Calculate the greatest common divisor of 13 and 49378.
1
Calculate the greatest common divisor of 19153749 and 1605.
321
What is the greatest common divisor of 81 and 92609757?
27
Calculate the greatest common divisor of 68 and 6557563.
17
What is the highest common divisor of 407824164 and 6?
6
Calculate the highest common factor of 79517 and 330208.
607
What is the highest common factor of 18874128 and 3848?
104
Calculate the highest common factor of 9536725 and 135.
5
Calculate the greatest common divisor of 508905 and 50496.
789
What is the highest common divisor of 9 and 1312518393?
9
Calculate the highest common divisor of 2760394 and 8294.
754
What is the highest common factor of 20 and 9987300?
20
What is the highest common factor of 48010 and 23840?
10
What is the highest common divisor of 630656 and 1222?
26
What is the greatest common divisor of 39312560 and 4240?
80
What is the highest common factor of 2932 and 5009322?
1466
Calculate the greatest common divisor of 73188 and 89604.
684
Calculate the highest common divisor of 296 and 34865729.
37
What is the greatest common factor of 4964 and 18201747?
1241
Calculate the highest common divisor of 82949132 and 3473.
3473
What is the greatest common divisor of 43008 and 810?
6
Calculate the highest common factor of 1718068 and 4576.
44
What is the highest common divisor of 556272664 and 3335?
667
What is the highest common factor of 1065 and 2859809?
71
Calculate the greatest common divisor of 1844 and 491.
1
Calculate the highest common factor of 12606 and 12838638.
1146
Calculate the highest common factor of 21239 and 1980118.
67
Calculate the greatest common factor of 43583 and 517681.
1063
What is the highest common divisor of 112948 and 618596?
748
Calculate the greatest common factor of 9556880 and 3015.
335
Calculate the highest common divisor of 5854589 and 1027.
13
What is the highest common factor of 10403 and 877?
1
What is the highest common factor of 25329 and 974904767?
8443
Calculate the highest common divisor of 399764728 and 704.
88
What is the highest common divisor of 581 and 56893180?
83
Calculate the greatest common factor of 102743125 and 1250.
625
Calculate the highest common divisor of 280 and 284270.
70
What is the greatest common divisor of 5600 and 10218488?
56
What is the greatest common factor of 75480588 and 8496?
2124
What is the greatest common factor of 538825 and 14?
7
Calculate the greatest common factor of 397845 and 2773127.
2947
Calculate the highest common factor of 12 and 948874.
2
What is the greatest common divisor of 5272560 and 945?
135
What is the highest common factor of 23325175 and 3875?
775
Calculate the highest common divisor of 303248 and 2992.
176
What is the highest common factor of 215880 and 25972420?
5140
Calculate the highest common divisor of 9291 and 362729.
19
What is the highest common factor of 3170050 and 52?
26
Calculate the highest common factor of 616055 and 2024.
253
Calculate the highest common factor of 69720 and 123270.
210
What is the highest common divisor of 15166099 and 4433?
403
Calculate the greatest common factor of 5311489 and 505.
101
What is the highest common factor of 2564208 and 6894?
18
What is the greatest common divisor of 4978 and 17474090?
262
What is the highest common divisor of 445368 and 19440960?
1848
What is the highest common divisor of 346312 and 602104?
584
Calculate the greatest common divisor of 44478605 and 1160.
145
Calculate the highest common divisor of 609950050 and 150.
50
What is the greatest common factor of 332 and 15943138?
166
Calculate the highest common divisor of 6472016 and 230.
46
What is the highest common factor of 20 and 336255?
5
What is the highest common factor of 174955860 and 270?
90
Calculate the highest common factor of 664169 and 117128.
1331
Calculate the highest common divisor of 3571168 and 1472.
32
Calculate the highest common divisor of 7612 and 588892.
692
Calculate the greatest common factor of 27 and 41418729.
27
Calculate the greatest common factor of 6999320 and 9763.
751
What is the highest common divisor of 322543 and 84242?
577
Calculate the highest common divisor of 25380376 and 134232.
2632
Calculate the highest common factor of 134334 and 2533.
17
Calculate the highest common factor of 38368945 and 5990.
2995
Calculate the highest common factor of 1274 and 58183678.
98
What is the highest common divisor of 23777 and 8083?
59
Calculate the highest common divisor of 629499440 and 32.
16
Calculate the greatest common factor of 87450 and 2230558.
1166
What is the greatest common factor of 450 and 1567926?
18
What is the highest common factor of 168002237 and 53599?
7657
What is the greatest common divisor of 189519 and 213576?
33
What is the greatest common divisor of 82 and 64087182?
82
Calculate the highest common divisor of 1881178 and 8736.
26
Calculate the highest common factor of 3581662 and 8344.
2086
Calculate the highest common divisor of 6689256 and 5568.
696
Calculate the highest common factor of 28070 and 1870750.
70
Calculate the greatest common factor of 29 and 729024272.
29
What is the highest common factor of 89 and 2052264439?
89
What is the highest common divisor of 14537096 and 13588?
172
What is the highest common factor of 3465 and 403935?
105
What is the greatest common factor of 2 and 5874277?
1
Calculate the highest common factor of 11842722 and 36.
18
Calculate the highest common divisor of 17 and 52666.
17
What is the greatest common divisor of 39 and 16008109?
13
What is the highest common divisor of 18 and 114140781?
9
Calculate the greatest common factor of 1132872 and 91.
13
Calculate the highest common factor of 8382 and 230457502.
2794